 (-18 - (6 + -16)).
-2
What is -5 - (-2 - (4 - -2))?
3
Calculate -1 + 1 + (28 - 6 - 19).
3
Calculate -1 + -2 - -2 - (-1 + -4).
4
What is (-1 + 1 - -2) + -16 + 15?
1
What is -2 + 0 + -2 + 6?
2
Calculate 28 + -32 - (0 + -3 + 0).
-1
What is the value of -5 - (-2 + 2 - (5 - 0))?
0
Evaluate -1 - (1 + -6) - (-17 - -21).
0
What is (1 - -3) + -9 - -8?
3
What is 1 + (3 - 2) + -3?
-1
-5 + 4 + -3 + 2 + 1
-1
Calculate 6 + -4 + 1 + 1 + -8.
-4
14 + 2 + (4 - 16)
4
What is 1 - 0 - (3 + 2)?
-4
Evaluate 5 - (1 + 1) - (1 - -1).
1
What is the value of -5 - 0 - (-10 - (6 - 11))?
0
Calculate -6 - ((-12 - -6) + 7) - -6.
-1
Evaluate 0 - (-9 + 14 + -10).
5
What is the value of -5 + (-11 - -8 - -4)?
-4
What is (-4 + 7 - 1) + -3?
-1
Calculate 6 + (-8 - -4) + 1.
3
What is 14 - 14 - (6 + -3)?
-3
What is the value of (-6 - 0) + (0 - 1)?
-7
What is the value of 0 + (-3 - 2) - (9 - 13)?
-1
Evaluate -9 + 3 - (-12 - -6) - 3.
-3
What is the value of (2 - -1 - (16 - 11)) + 0?
-2
6 - (3 + 3 + -3)
3
-5 - (3 - 0) - -2
-6
Calculate (1 - (-8 - -2)) + -12 + 9.
4
What is the value of -1 - (3 + (4 - 3) + 0)?
-5
What is the value of 14 + -15 + (-4 - -2) + -2?
-5
Evaluate (-7 - -3 - -1) + (6 - 0).
3
What is the value of -2 + -1 + -2 + 3 + 5?
3
What is the value of 3 + (0 - (10 + -4))?
-3
Calculate -9 + -4 - (-5 + -1 + 0).
-7
Calculate (3 + (3 - 5) - 3) + 4.
2
6 + -3 + (-1 + 2 - 5)
-1
What is the value of 2 + (0 - (11 - 4))?
-5
Calculate 37 + -32 - (-1 - -1 - -3).
2
(2 - (-1 + -1)) + -6
-2
-1 + (1 - 6 - -10) - 2
2
Evaluate (-4 + 1 - -1) + (2 - 3).
-3
Evaluate -2 - -5 - (-6 - (2 - 8)).
3
What is the value of (-7 - -4) + (1 - 1) + -1?
-4
What is the value of 31 + -25 + (0 - (5 - -1))?
0
What is the value of (6 - ((3 - 4) + 3)) + -1?
3
What is the value of -4 + -3 + 3 - -5?
1
0 - (-1 + 5 - -1)
-5
Calculate (-2 + 5 - 3) + (0 - 2).
-2
Calculate (-1 - 0) + (9 - 11) + 2.
-1
Calculate 1 + -2 + 2 - 7.
-6
Evaluate (8 + -2 - 2) + (103 - 104).
3
Evaluate (18 - 22) + -3 + 7.
0
0 - (-6 + -2 - (-3 + -1))
4
0 - (-12 + 10 + (4 - 0))
-2
-2 + 9 + 2 + -10
-1
Evaluate -1 - (3 + -6 - -4).
-2
Calculate 5 + 0 + (2 - 1) + -5.
1
What is -3 + (1 - (2 - 4))?
0
Evaluate -1 - -7 - (-4 - (-3 - 4)).
3
-1 - -13 - (17 + -3)
-2
Calculate 3 + (-4 - -4) + (1 - -1).
5
(1 - 3) + -4 + 4
-2
Calculate (3 - 3 - (5 - 5)) + -3.
-3
Evaluate -1 + -5 + 7 + (3 - 7).
-3
Calculate 3 - (0 + -1 + 4).
0
What is (-2 - 3) + -1 + (9 - 4)?
-1
Calculate (-1 - (-7 + 4)) + 2.
4
What is -1 + (-4 - -2) + 5?
2
Evaluate -3 + (-3 - -12) + -8 - 5.
-7
12 + -9 - (0 - -6) - -8
5
What is -8 + (1 - 6 - -12)?
-1
What is the value of -2 - (0 - -4 - (-26 - -25))?
-7
What is the value of -4 - ((2 - -1) + -5)?
-2
Evaluate 6 - (10 - 5) - -4.
5
What is -20 + 14 + (2 - -9)?
5
Evaluate -1 + 6 + (-1 - 2).
2
What is -3 + (-2 - (1 + -3))?
-3
What is the value of -1 + 1 + (10 - 6)?
4
What is (140 - 145) + (0 - (1 - 6))?
0
Calculate 5 - (0 + 1 + -14 + 15).
3
Calculate (-3 - -2) + (-8 - -13).
4
Evaluate (-15 - (-1 - 10)) + 8.
4
(-12 - (-2 + -2)) + 15
7
What is 4 + -4 + 2 + -4?
-2
Calculate 3 + (-5 - -3) + 0 - 3.
-2
Calculate 8 - (0 + (-3 - -6)).
5
-1 + 2 - (-33 + 32)
2
Calculate 8 - 5 - (2 + -4).
5
What is (14 - 7 - 1) + -13 + 0?
-7
Evaluate -2 + 7 + (-5 - -7) + -2.
5
What is the value of 7 + (9 - 15) - (1 + 2)?
-2
Evaluate 37 + -31 - (0 - (-2 - -1)).
5
Evaluate -12 + (19 + -13 - -6).
0
Calculate -8 - (-1 + (4 - 6)).
-5
Evaluate 1 + 2 - 4 - (3 + -1).
-3
3 - (-5 - -3) - 7
-2
Evaluate (-4 - -8) + 4 - 6.
2
What is (1 - 8 - -25) + -12?
6
Calculate 2 - 5 - (8 + -13).
2
What is 0 + -3 - (-14 + 8)?
3
12 - (8 + 9) - (-1 - -5)
-9
-3 - (2 - (5 - 4))
-4
Calculate 2 - (-1 - -1 - -1 - -2).
-1
3 + -2 - (2 + 1)
-2
Evaluate (2 - (5 + 0)) + 5 - -1.
3
What is (3 + 1 - 1) + -1?
2
What is (-4 - (0 - 1)) + 0 + 7?
4
What is (1 - 2) + 9 + -4 + -1?
3
What is (0 - -2) + -3 + -1?
-2
-2 + 1 + 11 + -7
3
1 + -1 + 8 - 4
4
Evaluate 1 + (13 - 7) + (-1 - 1).
5
-3 + 20 + (-7 - 4)
6
Calculate -4 + (1 - (-3 - -5)).
-5
What is the value of -6 + -2 + -4 + 13?
1
What is -4 + 1 - ((1 - 7) + 5)?
-2
2 + -5 - (-5 + -2 + 8)
-4
What is the value of -3 + (4 - -1) + -4?
-2
Calculate -5 - (-5 + (-2 - 0) + 4).
-2
What is the value of 0 - (-4 + 1) - (0 + 6)?
-3
What is -2 - -5 - 2 - 3?
-2
Calculate -1 + -6 - 0 - -9.
2
Evaluate -5 - (0 + -2 - 1).
-2
What is the value of 6 + -1 - (29 + -22)?
-2
-35 - -18 - -14 - (0 - -3)
-6
What is 1 + -4 + 4 - -3?
4
What is 3 - (8 + 5 - 11)?
1
-62 + 72 + (-1 - 11)
-2
What is the value of -198 + 201 + (0 - -1)?
4
What is the value of 5 - (-2 - (1 - 7))?
1
Calculate -8 - -10 - (-5 + 0 + 3).
4
What is the value of (7 - (20 - 7) - -14) + -11?
-3
Calculate (2 - (-3 - -1)) + 3.
7
9 - 10 - (-1 + -4)
4
What is 0 + 3 - 2 - -4?
5
Calculate 2 - (4 + 2) - (-2 + 2).
-4
What is 6 + -2 + 4 + -14?
-6
What is the value of (1 - 6) + 9 + 1?
5
What is 0 - ((-1 - -8) + -4 + -7)?
4
Calculate 0 - (3 + -1 + -3 + 0).
1
What is (2 - -8 - (-7 + 12)) + 1?
6
What is -7 + 7 - (-1 + 1)?
0
What is (-7 - (-7 + 3)) + 4?
1
What is the value of -1 + (5 - 9 - -15 - 3)?
7
(4 - (-5 - -11)) + (-1 - 0)
-3
Evaluate -8 - (9 + -1 + -22).
6
Evaluate -2 + (4 + -9 - -3).
-4
Calculate 18 + -8 - 2 - 14.
-6
What is -1 + -4 + (13 - 5)?
3
What is the value of -2 - (-3 - 1 - -4)?
-2
Calculate 0 - (-7 + 1) - (-4 + 3).
7
-2 + 0 + 5 - (6 + -1)
-2
What is the value of (-4 - -2) + (-1 - (-1 - 0))?
-2
Calculate -4 - (-5 + 2 + -1).
0
What is -12 - -11 - (1 - -1) - -3?
0
What is the value of -2 - ((-3 - 1) + (4 - 1))?
-1
What is 2 + -6 + (7 + -3 - 0)?
0
7 + (0 - (-4 - -7)) - 8
-4
(2 - 0) + (-4 - 0) + 4
2
What is the value of -9 + 5 - (-4 + -4)?
4
5 + -1 + -7 + (-4 - -2)
-5
What is 1 + -12 + 4 + 1 - -5?
-1
Calculate -1 + 4 + (-14 - 6) + 17.
0
Calculate 10 - (10 + -8) - (5 + 1).
2
What is -7 - (-3 + 3) - -11?
4
Evaluate 13 - 7 - 15 - -5.
-4
Evaluate 1 - 3 - (-13 - -12).
-1
Evaluate -5 - (0 - -3 - 4).
-4
What is the value of 6 + (-3 - -4) + -2?
5
What is -2 - 1 - (-14 + 30 + -12)?
-7
What is -8 - (-7 + 6 - -2)?
-9
Evaluate (-3 - -4) + -2 + -2.
-3
What is 41 + -47 - (1 - 8)?
1
Calculate -4 + 1 + -3 + -1 + 7.
0
Evaluate (20 - 8) + 0 - 9.
3
What is -11 + 1 + 1 + 10?
1
Calculate (4 + -1 - 3) + -1.
-1
What is the value of -10 + -12 - (-9 - 2)?
-11
2 + 1 + (-2 - 3)
-2
Evaluate (-24 - -11) + 20 + 0.
7
(3 - 2 - 0) + (1 - 2)
0
What is 219 + -199 - (12 - 0)?
8
What is the value of 0 + 2 - 1 - 3 - 3?
-5
What is -14 + -3 + 10 - (-4 - 3)?
0
What is the value of 2 + (-3 - (-5 + 6)) + 6?
4
What is the value of -19 + 11 + (13 - 6)?
-1
Calculate 3 + -1 + (-9 - -4 - 1).
-4
Calculate -2 - (-3 - -1) - 2.
-2
What is (2 - (6 - -2)) + 6?
0
What is (2 - (5 + 2)) + 2?
-3
Evaluate -4 + 4 + -2 - (-2 - 1).
1
1 - ((3 - 1) + -6)
5
Evaluate -7 - (1 + (-3 - -3) - 8).
0
Calculate -3 + 2 + 7 + -2.
4
5 + -1 - (-16 - (3 + -17))
6
Calculate -1 + -2 + 8 - 2.
3
What is the value of -9 + 4 + 15 + -5?
5
What is the value of 4 + -5 + (4 + -1 - -1)?
3
3 - (-1 + (4 - -1) + -7)
6
(0 - (2 - 6)) + -8 - -7
3
Calculate (3 - (-5 - -4)) + 0.
4
(19 - 11) + (-19 - -9)
-2
(-1 + 3 + 2 - 6) + -2
-4
-2 + (-1 - -3) + (1 - 5)
-4
Evaluate -8 + 3 + (-4 - -11) + 1.
3
5 + -10 + 7 + -3
-1
Evaluate (9 + -15 - -9) + -2 + 3.
4
Calculate 41 + -31 + (-3 + 3 - 4).
6
What is 0 - -1 - (-39 - -36) - 9?
-5
Evaluate (-6 - -5 - -1) + -5.
-5
What is 0 + (7 - 4) + -3 + -3?
-3
Calculate (0 - -1 - (1 - 5)) + -3.
2
What is the value of 2 + (-14 - -8) + 13?
9
Calculate 5 - -7 - 6 - (1 + 4).
1
(-11 - -19) + (1 - (5 + 0))
4
Evaluate 3 + 2 + -6 + 5 + -2.
2
(-1 - (-15 + (1 - 1))) + -7
7
What is the value of (5 - -3) + -2 - (1 + 0)?
5
Evaluate 2 - (-2 + (2 - -3) + -2).
1
What is 6 - 1 - (29 - 10 - 9)?
-5
4 - (-7 + 6 + 1)
4
What is the value of 3 + -4 + 6 + -5 + 4?
4
(0 - 4) + (-13 - (2 + -15))
-4
Evaluate -6 - (0 - (-5 - -6)) - -9.
4
What is the value of -4 - -8 - (-8 - -13)?
-1
Evaluate -8 + -1 + -1 + 5.
-5
What is 3 - -3 - (4 + 1)?
1
Evaluate 9 + 3 + -5 - 3.
4
Calculate (-4 - -5) + -2 - 2.
-3
Calculate (1 - 0) + 20 + -21.
0
0 + 4 + (-7 + 4 - 7)
-6
Calculate 11 + -11 - (-1 + -3 - -2).
2
Evaluate (3 - 6) + (5 - -2).
4
Evaluate 1 + (-1 - 3) + 0 - 2.
-5
What is the value of 2 - (2 + (1 - 0))?
-1
(-8 + -3 - -6) + 3
-2
Evaluate -247 - -245 - (0 + (-1 - 8)).
7
(-6 - (0 + 2)) + 8 + 2
2
What is 2 + -4 - 0 - (1 + 0)?
-3
3 - (-6 - (4 + -2 + -6